181
List the prime factors of 13842121.
13842121
What are the prime factors of 1280744904?
2, 3, 53364371
List the prime factors of 300438987.
3, 107, 197, 4751
List the prime factors of 99295570.
2, 5, 11, 902687
What are the prime factors of 149062919?
17, 8768407
What are the prime factors of 25043227?
11, 17, 157, 853
List the prime factors of 988130014.
2, 2383, 207329
What are the prime factors of 4734936?
2, 3, 7307
List the prime factors of 1949903365.
5, 73, 5342201
What are the prime factors of 1905296450?
2, 5, 6173
What are the prime factors of 2463972417?
3, 273774713
List the prime factors of 36315782.
2, 18157891
List the prime factors of 221711624.
2, 1481, 18713
What are the prime factors of 285838537?
47, 6081671
What are the prime factors of 16280969?
4019, 4051
What are the prime factors of 629125432?
2, 13, 43, 140681
What are the prime factors of 50670653?
11, 47, 98009
What are the prime factors of 27645735?
3, 5, 13, 141773
List the prime factors of 34168481.
2371, 14411
What are the prime factors of 48921286?
2, 31, 173, 4561
List the prime factors of 183868630.
2, 5, 11, 389, 4297
List the prime factors of 124917304.
2, 15614663
List the prime factors of 62883704.
2, 13, 604651
What are the prime factors of 29479602?
2, 3, 19, 29, 37, 241
List the prime factors of 2030225659.
7, 11, 41, 643087
What are the prime factors of 453615812?
2, 13, 1847, 4723
What are the prime factors of 232182889?
17, 563, 1427
What are the prime factors of 1159099597?
137, 8460581
List the prime factors of 33318771.
3, 11106257
List the prime factors of 765716770.
2, 5, 7, 13, 841447
List the prime factors of 374586976.
2, 17, 19, 36241
What are the prime factors of 192747?
3, 47, 1367
List the prime factors of 30416126.
2, 13, 163, 7177
What are the prime factors of 797033322?
2, 3, 347, 127607
List the prime factors of 187897166.
2, 23, 4084721
List the prime factors of 1973495651.
53, 73, 510079
What are the prime factors of 402806450?
2, 5, 47, 181, 947
What are the prime factors of 50419883?
50419883
List the prime factors of 4657493076.
2, 3, 1217, 318919
What are the prime factors of 22681667?
317, 71551
What are the prime factors of 399696418?
2, 11, 17, 1068707
What are the prime factors of 422660904?
2, 3, 17610871
List the prime factors of 43675820.
2, 5, 2183791
What are the prime factors of 4456625658?
2, 3, 31, 23960353
What are the prime factors of 16823480?
2, 5, 29, 14503
What are the prime factors of 2892246663?
3, 964082221
List the prime factors of 576169956.
2, 3, 5334907
What are the prime factors of 257194140?
2, 3, 5, 7, 87481
List the prime factors of 5580636864.
2, 3, 11, 31, 85237
What are the prime factors of 78816440?
2, 5, 1277, 1543
List the prime factors of 487743025.
5, 7, 11, 29, 8737
List the prime factors of 836617652.
2, 13, 19, 846779
What are the prime factors of 5699320903?
23, 29, 8544709
What are the prime factors of 195772538?
2, 13, 7529713
What are the prime factors of 1085258776?
2, 7, 349, 55529
What are the prime factors of 66262488?
2, 3, 2760937
What are the prime factors of 75307553?
75307553
What are the prime factors of 22234067?
22234067
What are the prime factors of 240672960?
2, 3, 5, 11, 71, 107
List the prime factors of 14239312.
2, 889957
List the prime factors of 36792488.
2, 17, 97, 2789
List the prime factors of 1453848383.
13, 111834491
What are the prime factors of 45678481?
2843, 16067
What are the prime factors of 44648403?
3, 227, 65563
List the prime factors of 9257477.
23, 71, 5669
What are the prime factors of 842194665?
3, 5, 13, 19, 8419
What are the prime factors of 495770504?
2, 79, 784447
What are the prime factors of 20696866?
2, 769, 13457
List the prime factors of 262795396.
2, 79, 831631
List the prime factors of 276167526.
2, 3, 823, 55927
List the prime factors of 3952572.
2, 3, 13, 1949
List the prime factors of 199351233.
3, 61, 121039
What are the prime factors of 1258532169?
3, 29, 14465887
List the prime factors of 2605809427.
13, 200446879
List the prime factors of 2815270009.
2815270009
What are the prime factors of 104356243?
37, 239, 11801
List the prime factors of 634644175.
5, 11, 19, 23, 5281
What are the prime factors of 8165082?
2, 3, 1360847
What are the prime factors of 1158791391?
3, 43, 97, 30869
List the prime factors of 816882654.
2, 3, 7, 47, 227, 1823
List the prime factors of 52705684.
2, 67, 196663
What are the prime factors of 1936699025?
5, 29, 2671309
What are the prime factors of 942025249?
11, 1069, 80111
List the prime factors of 3735162.
2, 3, 207509
What are the prime factors of 37866736?
2, 2366671
List the prime factors of 894429575.
5, 13, 439, 6269
List the prime factors of 212737514.
2, 11, 9669887
What are the prime factors of 232155603?
3, 67, 385001
List the prime factors of 92340568.
2, 31, 12011
List the prime factors of 99261044.
2, 1433, 17317
What are the prime factors of 1689673559?
7, 149, 1620013
What are the prime factors of 39446565?
3, 5, 19, 61, 2269
What are the prime factors of 11503775?
5, 71, 6481
What are the prime factors of 16087557?
3, 23, 107, 2179
List the prime factors of 2226524837.
89, 25017133
List the prime factors of 901071655.
5, 11, 17, 83, 683
What are the prime factors of 977470514?
2, 23, 37, 574307
What are the prime factors of 312033610?
2, 5, 7, 4457623
What are the prime factors of 66097259?
839, 78781
List the prime factors of 29587405.
5, 5917481
List the prime factors of 125762499.
3, 349, 40039
List the prime factors of 221978862.
2, 3, 7, 19, 92723
List the prime factors of 43729578.
2, 3, 23, 137, 257
What are the prime factors of 6239632402?
2, 29, 83, 1296143
What are the prime factors of 22633577?
73, 310049
What are the prime factors of 2453393341?
7, 350484763
What are the prime factors of 6342715?
5, 43, 29501
What are the prime factors of 12538573?
563, 22271
List the prime factors of 16690446.
2, 3, 419, 2213
List the prime factors of 18669972.
2, 3, 1555831
What are the prime factors of 872673720?
2, 3, 5, 59, 123259
What are the prime factors of 20353935?
3, 5, 7, 193847
List the prime factors of 2543136703.
23, 7577, 14593
List the prime factors of 308805251.
179, 643, 2683
List the prime factors of 605029362.
2, 3, 7, 293989
What are the prime factors of 3885105996?
2, 3, 23, 101, 46457
What are the prime factors of 1909161152?
2, 2083, 14321
What are the prime factors of 2138654583?
3, 13, 47, 79, 547
List the prime factors of 32339733.
3, 10779911
What are the prime factors of 516087548?
2, 43, 347, 8647
List the prime factors of 72922482.
2, 3, 1087, 3727
List the prime factors of 1829663687.
25771, 70997
List the prime factors of 86433387.
3, 73, 394673
What are the prime factors of 38847823?
7, 5549689
What are the prime factors of 78874449?
3, 26291483
What are the prime factors of 33812822?
2, 16906411
List the prime factors of 6989655733.
1217, 5743349
What are the prime factors of 1270411110?
2, 3, 5, 14115679
List the prime factors of 108056392.
2, 23, 587263
What are the prime factors of 80333711?
227, 1559
List the prime factors of 64675704.
2, 3, 37, 173, 421
List the prime factors of 39802341.
3, 1201, 11047
What are the prime factors of 16144494?
2, 3, 127, 21187
List the prime factors of 53889205.
5, 37, 291293
List the prime factors of 890237619.
3, 98915291
What are the prime factors of 352451786?
2, 17, 19, 103, 5297
What are the prime factors of 134933281?
7, 61, 316003
List the prime factors of 5029213.
7, 197, 521
List the prime factors of 36267329.
7, 41, 107, 1181
List the prime factors of 3223205016.
2, 3, 134300209
What are the prime factors of 2183346377?
2183346377
What are the prime factors of 672562888?
2, 233, 360817
What are the prime factors of 827025209?
827025209
What are the prime factors of 3509479465?
5, 31, 22641803
List the prime factors of 1946061461.
47, 131, 316073
What are the prime factors of 1935499408?
2, 120968713
What are the prime factors of 42474811?
41, 593, 1747
What are the prime factors of 112810978?
2, 7, 8057927
What are the prime factors of 76732255?
5, 23, 83, 8039
List the prime factors of 5344047.
3, 593783
List the prime factors of 36193289.
11, 17, 37, 5231
List the prime factors of 31672333.
7, 11, 